{"id":2528,"date":"2025-05-31T21:38:19","date_gmt":"2025-05-31T14:38:19","guid":{"rendered":"https:\/\/kproz.id.vn\/?post_type=product&#038;p=2528"},"modified":"2025-05-31T21:38:19","modified_gmt":"2025-05-31T14:38:19","slug":"flycam-dji-mavic-4-pro","status":"publish","type":"product","link":"https:\/\/kproz.id.vn\/?product=flycam-dji-mavic-4-pro","title":{"rendered":"Flycam DJI Mavic 4 Pro"},"content":{"rendered":"<p><img fetchpriority=\"high\" decoding=\"async\" class=\"alignnone size-full wp-image-2530\" src=\"https:\/\/kproz.id.vn\/wp-content\/uploads\/2025\/05\/mc44.jpg\" alt=\"\" width=\"500\" height=\"500\" srcset=\"https:\/\/kproz.id.vn\/wp-content\/uploads\/2025\/05\/mc44.jpg 500w, https:\/\/kproz.id.vn\/wp-content\/uploads\/2025\/05\/mc44-300x300.jpg 300w, https:\/\/kproz.id.vn\/wp-content\/uploads\/2025\/05\/mc44-150x150.jpg 150w, https:\/\/kproz.id.vn\/wp-content\/uploads\/2025\/05\/mc44-100x100.jpg 100w\" sizes=\"(max-width: 500px) 100vw, 500px\" \/><\/p>\n","protected":false},"excerpt":{"rendered":"<p><a href=\"https:\/\/vjshop.vn\/flycam\/dji-mavic-4-pro\">DJI Mavic 4 Pro<\/a>\u00a0\u0111\u01b0\u1ee3c trang b\u1ecb h\u1ec7 th\u1ed1ng 3 camera ti\u00ean ti\u1ebfn, mang l\u1ea1i kh\u1ea3 n\u0103ng quay ch\u1ee5p v\u01b0\u1ee3t tr\u1ed9i v\u1edbi \u0111a d\u1ea1ng g\u00f3c nh\u00ecn, t\u1eeb g\u00f3c r\u1ed9ng \u0111\u1ebfn g\u00f3c tele c\u1eadn c\u1ea3nh chi ti\u1ebft. C\u1ea3 3 camera \u0111\u1ec1u t\u00edch h\u1ee3p c\u00f4ng ngh\u1ec7 Dual Native ISO Fusion, k\u1ebft h\u1ee3p m\u01b0\u1ee3t m\u00e0 l\u1ee3i th\u1ebf c\u1ee7a ISO th\u1ea5p v\u00e0 cao, mang l\u1ea1i \u0111\u1ed9 chi ti\u1ebft \u1ea5n t\u01b0\u1ee3ng v\u01b0\u1ee3t xa c\u00e1c gi\u1ea3i ph\u00e1p truy\u1ec1n th\u1ed1ng. \u0110\u1eb7c bi\u1ec7t, Mavic 4 Pro c\u00f2n cung c\u1ea5p kh\u1ea3 n\u0103ng ch\u1ee5p \u1ea3nh \u1edf \u0111\u1ecbnh d\u1ea1ng RAW \u0111\u1ed9 ph\u00e2n gi\u1ea3i cao l\u00ean \u0111\u1ebfn 5 khung h\u00ecnh, c\u00f9ng c\u00e1c c\u00f4ng c\u1ee5 ch\u1ee5p \u1ea3nh to\u00e0n c\u1ea3nh Free Panorama v\u00e0 l\u1ea5y n\u00e9t ch\u1ee7 th\u1ec3 tr\u00ean m\u1ecdi \u1ed1ng k\u00ednh.<\/p>\n<p>Camera ch\u00ednh Hasselblad 4\/3 CMOS l\u00e0 k\u1ebft qu\u1ea3 c\u1ee7a s\u1ef1 h\u1ee3p t\u00e1c gi\u1eefa DJI v\u00e0 h\u00e3ng camera n\u1ed5i ti\u1ebfng ch\u1ea5t l\u01b0\u1ee3ng h\u00e0ng \u0111\u1ea7u hi\u1ec7n nay Hasselblad. \u1ed0ng k\u00ednh n\u00e0y s\u1edf h\u1eefu c\u1ea3m bi\u1ebfn 100MP ho\u00e0n to\u00e0n m\u1edbi v\u00e0 kh\u1ea3 n\u0103ng t\u00e1i t\u1ea1o m\u00e0u s\u1eafc n\u1ed5i ti\u1ebfng Hasselblad Natural Color Solution (HNCS), mang l\u1ea1i h\u00ecnh \u1ea3nh v\u1edbi m\u00e0u s\u1eafc t\u1ef1 nhi\u00ean, trung th\u1ef1c nh\u1ea5t v\u1edbi \u0111\u1ed9 chi ti\u1ebft v\u00e0 s\u1eafc n\u00e9t v\u01b0\u1ee3t tr\u1ed9i, m\u1edf r\u1ed9ng kh\u1ea3 n\u0103ng h\u1eadu k\u1ef3 linh ho\u1ea1t t\u1ed1i \u0111a. Kh\u1ea9u \u0111\u1ed9 linh ho\u1ea1t t\u1eeb f\/2.0 \u0111\u1ebfn f\/11 gi\u00fap quay trong \u0111i\u1ec1u ki\u1ec7n thi\u1ebfu s\u00e1ng m\u1ed9t c\u00e1ch r\u00f5 n\u00e9t, \u0111\u1ed3ng th\u1eddi t\u00e1i hi\u1ec7n hi\u1ec7u \u1ee9ng &#8220;tia sao&#8221; 10 c\u00e1nh \u0111\u1ea7y cu\u1ed1n h\u00fat.<\/p>\n<p>ActiveTrack 360\u00b0 \u0111\u01b0\u1ee3c t\u00edch h\u1ee3p tr\u00ean DJI Mavic 4 Pro l\u00e0 h\u1ec7 th\u1ed1ng nh\u1eadn di\u1ec7n v\u00e0 theo d\u00f5i t\u00e2n ti\u1ebfn h\u00e0ng \u0111\u1ea7u hi\u1ec7n nay, \u0111\u01b0\u1ee3c t\u00edch h\u1ee3p t\u00ednh n\u0103ng \u1ed5n \u0111\u1ecbnh h\u00ecnh \u1ea3nh c\u1ea3i ti\u1ebfn, mang l\u1ea1i kh\u1ea3 n\u0103ng theo d\u00f5i \u0111\u1ed1i t\u01b0\u1ee3ng m\u01b0\u1ee3t m\u00e0, chu\u1ea9n \u0111i\u1ec7n \u1ea3nh. Khi b\u1eaft \u0111\u1ea7u theo d\u00f5i, Mavic 4 Pro c\u00f3 th\u1ec3 gi\u1eef n\u00e9t v\u00e0o ch\u1ee7 th\u1ec3 ngay c\u1ea3 khi n\u1eeda th\u00e2n d\u01b0\u1edbi c\u1ee7a h\u1ecd b\u1ecb che khu\u1ea5t b\u1edfi c\u00e1c v\u1eadt c\u1ea3n nh\u01b0 b\u1ee5i c\u00e2y ho\u1eb7c khi h\u1ecd \u0111\u1ee9ng tr\u00ean c\u1ea7u. \u0110\u1ed1i v\u1edbi c\u00e1c ph\u01b0\u01a1ng ti\u1ec7n, h\u1ec7 th\u1ed1ng c\u00f3 th\u1ec3 ph\u00e1t hi\u1ec7n ra ch\u00fang t\u1eeb kho\u1ea3ng c\u00e1ch 200m v\u00e0 x\u00e1c \u0111\u1ecbnh \u0111\u01b0\u1ee3c h\u01b0\u1edbng di chuy\u1ec3n, cho ph\u00e9p th\u1ef1c hi\u1ec7n c\u00e1c c\u1ea3nh quay \u00f4 t\u00f4 chuy\u00ean nghi\u1ec7p. H\u1ec7 th\u1ed1ng theo d\u00f5i n\u00e0y ho\u1ea1t \u0111\u1ed9ng t\u1ed1t ngay c\u1ea3 trong \u0111i\u1ec1u ki\u1ec7n \u00e1nh s\u00e1ng y\u1ebfu v\u1edbi kh\u1ea3 n\u0103ng ph\u00e1t hi\u1ec7n to\u00e0n di\u1ec7n 360\u00b0. V\u1edbi nh\u1eefng c\u1ea3i ti\u1ebfn \u0111\u00e1ng k\u1ec3, ActiveTrack 360\u00b0 tr\u00ean Mavic 4 Pro mang l\u1ea1i hi\u1ec7u su\u1ea5t linh ho\u1ea1t \u0111\u1ec3 \u0111\u00e1p \u1ee9ng nhi\u1ec1u nhu c\u1ea7u quay phim.<\/p>\n<p>DJI Mavic 4 Pro s\u1eed d\u1ee5ng pin Li-ion 4S, c\u00f3 dung l\u01b0\u1ee3ng 6654 mAh k\u1ebft h\u1ee3p v\u1edbi thi\u1ebft k\u1ebf kh\u00ed \u0111\u1ed9ng h\u1ecdc h\u1ed7 tr\u1ee3 \u0111\u1ea9y hi\u1ec7u qu\u1ea3, gi\u00fap mang l\u1ea1i th\u1eddi gian bay l\u00e2u d\u00e0i l\u00ean \u0111\u1ebfn 51 ph\u00fat, t\u1ed1c \u0111\u1ed9 t\u1ed1i \u0111a l\u00ean \u0111\u1ebfn 90 km\/h v\u00e0 ph\u1ea1m vi ho\u1ea1t \u0111\u1ed9ng 41 km. V\u1edbi th\u1eddi gian bay d\u1ed3i d\u00e0o, b\u1ea1n c\u00f3 th\u1ec3 tho\u1ea3i m\u00e1i th\u1ef1c hi\u1ec7n c\u00e1c l\u1ea7n bay trinh s\u00e1t \u0111\u1ecba \u0111i\u1ec3m, th\u1ef1c h\u00e0nh thao t\u00e1c c\u0169ng nh\u01b0 ch\u1ee5p \u1ea3nh tua nhanh v\u00e0 ch\u1ee5p \u1ea3nh tele m\u00e0 kh\u00f4ng c\u1ea7n lo l\u1eafng h\u1ebft n\u0103ng l\u01b0\u1ee3ng.<\/p>\n","protected":false},"featured_media":2531,"comment_status":"closed","ping_status":"closed","template":"","meta":{"om_disable_all_campaigns":false,"_uag_custom_page_level_css":"","_monsterinsights_skip_tracking":false,"_monsterinsights_sitenote_active":false,"_monsterinsights_sitenote_note":"","_monsterinsights_sitenote_category":0,"_uf_show_specific_survey":0,"_uf_disable_surveys":false},"product_brand":[],"product_cat":[35],"product_tag":[],"class_list":{"0":"post-2528","1":"product","2":"type-product","3":"status-publish","4":"has-post-thumbnail","6":"product_cat-flycam","8":"first","9":"instock","10":"shipping-taxable","11":"product-type-simple"},"aioseo_notices":[],"uagb_featured_image_src":{"full":["https:\/\/kproz.id.vn\/wp-content\/uploads\/2025\/05\/mv4-1.jpg",640,480,false],"thumbnail":["https:\/\/kproz.id.vn\/wp-content\/uploads\/2025\/05\/mv4-1-150x150.jpg",150,150,true],"medium":["https:\/\/kproz.id.vn\/wp-content\/uploads\/2025\/05\/mv4-1-300x225.jpg",300,225,true],"medium_large":["https:\/\/kproz.id.vn\/wp-content\/uploads\/2025\/05\/mv4-1.jpg",640,480,false],"large":["https:\/\/kproz.id.vn\/wp-content\/uploads\/2025\/05\/mv4-1.jpg",640,480,false],"1536x1536":["https:\/\/kproz.id.vn\/wp-content\/uploads\/2025\/05\/mv4-1.jpg",640,480,false],"2048x2048":["https:\/\/kproz.id.vn\/wp-content\/uploads\/2025\/05\/mv4-1.jpg",640,480,false],"woocommerce_thumbnail":["https:\/\/kproz.id.vn\/wp-content\/uploads\/2025\/05\/mv4-1-247x296.jpg",247,296,true],"woocommerce_single":["https:\/\/kproz.id.vn\/wp-content\/uploads\/2025\/05\/mv4-1-510x383.jpg",510,383,true],"woocommerce_gallery_thumbnail":["https:\/\/kproz.id.vn\/wp-content\/uploads\/2025\/05\/mv4-1-100x100.jpg",100,100,true]},"uagb_author_info":{"display_name":"admin","author_link":"https:\/\/kproz.id.vn\/?author=0"},"uagb_comment_info":0,"uagb_excerpt":"DJI Mavic 4 Pro\u00a0\u0111\u01b0\u1ee3c trang b\u1ecb h\u1ec7 th\u1ed1ng 3 camera ti\u00ean ti\u1ebfn, mang l\u1ea1i kh\u1ea3 n\u0103ng quay ch\u1ee5p v\u01b0\u1ee3t tr\u1ed9i v\u1edbi \u0111a d\u1ea1ng g\u00f3c nh\u00ecn, t\u1eeb g\u00f3c r\u1ed9ng \u0111\u1ebfn g\u00f3c tele c\u1eadn c\u1ea3nh chi ti\u1ebft. C\u1ea3 3 camera \u0111\u1ec1u t\u00edch h\u1ee3p c\u00f4ng ngh\u1ec7 Dual Native ISO Fusion, k\u1ebft h\u1ee3p m\u01b0\u1ee3t m\u00e0 l\u1ee3i th\u1ebf c\u1ee7a ISO&hellip;","_links":{"self":[{"href":"https:\/\/kproz.id.vn\/index.php?rest_route=\/wp\/v2\/product\/2528","targetHints":{"allow":["GET"]}}],"collection":[{"href":"https:\/\/kproz.id.vn\/index.php?rest_route=\/wp\/v2\/product"}],"about":[{"href":"https:\/\/kproz.id.vn\/index.php?rest_route=\/wp\/v2\/types\/product"}],"replies":[{"embeddable":true,"href":"https:\/\/kproz.id.vn\/index.php?rest_route=%2Fwp%2Fv2%2Fcomments&post=2528"}],"wp:featuredmedia":[{"embeddable":true,"href":"https:\/\/kproz.id.vn\/index.php?rest_route=\/wp\/v2\/media\/2531"}],"wp:attachment":[{"href":"https:\/\/kproz.id.vn\/index.php?rest_route=%2Fwp%2Fv2%2Fmedia&parent=2528"}],"wp:term":[{"taxonomy":"product_brand","embeddable":true,"href":"https:\/\/kproz.id.vn\/index.php?rest_route=%2Fwp%2Fv2%2Fproduct_brand&post=2528"},{"taxonomy":"product_cat","embeddable":true,"href":"https:\/\/kproz.id.vn\/index.php?rest_route=%2Fwp%2Fv2%2Fproduct_cat&post=2528"},{"taxonomy":"product_tag","embeddable":true,"href":"https:\/\/kproz.id.vn\/index.php?rest_route=%2Fwp%2Fv2%2Fproduct_tag&post=2528"}],"curies":[{"name":"wp","href":"https:\/\/api.w.org\/{rel}","templated":true}]}}